{"id":2265,"date":"2019-03-14T15:50:45","date_gmt":"2019-03-14T18:50:45","guid":{"rendered":"https:\/\/www.encontramaceio.com.br\/sobre\/?page_id=2265"},"modified":"2019-03-14T16:09:40","modified_gmt":"2019-03-14T19:09:40","slug":"receita-federal-maceio","status":"publish","type":"page","link":"https:\/\/www.encontramaceio.com.br\/sobre\/receita-federal-maceio\/","title":{"rendered":"Receita Federal Macei\u00f3"},"content":{"rendered":"<div class=\"dcb782f0616bca5484400fea6b37e93d\" data-index=\"1\" style=\"float: none; margin:0px;\">\n<script async src=\"https:\/\/pagead2.googlesyndication.com\/pagead\/js\/adsbygoogle.js?client=ca-pub-8585364105181520\"\r\n     crossorigin=\"anonymous\"><\/script>\r\n<!-- Anuncio display - global -->\r\n<ins class=\"adsbygoogle\"\r\n     style=\"display:block\"\r\n     data-ad-client=\"ca-pub-8585364105181520\"\r\n     data-ad-slot=\"8789329856\"\r\n     data-ad-format=\"auto\"\r\n     data-full-width-responsive=\"true\"><\/ins>\r\n<script>\r\n     (adsbygoogle = window.adsbygoogle || []).push({});\r\n<\/script>\n<\/div>\n<p>A Secretaria da <strong>Receita Federal<\/strong> do Brasil \u00e9 um \u00f3rg\u00e3o espec\u00edfico, singular, subordinado ao Minist\u00e9rio da Fazenda, exercendo fun\u00e7\u00f5es essenciais para que o Estado possa cumprir seus objetivos.<\/p>\n<p>\u00c9 respons\u00e1vel pela administra\u00e7\u00e3o dos tributos de compet\u00eancia da Uni\u00e3o, inclusive os previdenci\u00e1rios, e aqueles incidentes sobre o com\u00e9rcio exterior, abrangendo parte significativa das contribui\u00e7\u00f5es sociais do Pa\u00eds.<\/p>\n<p><img loading=\"lazy\" decoding=\"async\" class=\"aligncenter wp-image-2267 size-full\" title=\"Receita Federal Macei\u00f3\" src=\"https:\/\/www.encontramaceio.com.br\/sobre\/wp-content\/uploads\/2019\/03\/receita-federal-maceio.jpg\" alt=\"Receita Federal Macei\u00f3\" width=\"680\" height=\"189\" srcset=\"https:\/\/www.encontramaceio.com.br\/sobre\/wp-content\/uploads\/2019\/03\/receita-federal-maceio.jpg 680w, https:\/\/www.encontramaceio.com.br\/sobre\/wp-content\/uploads\/2019\/03\/receita-federal-maceio-300x83.jpg 300w\" sizes=\"auto, (max-width: 680px) 100vw, 680px\" \/><\/p>\n<p>Tamb\u00e9m subsidia o Poder Executivo Federal na formula\u00e7\u00e3o da pol\u00edtica tribut\u00e1ria brasileira, previne e combate a sonega\u00e7\u00e3o fiscal, o contrabando, o descaminho, a pirataria, a fraude comercial, o tr\u00e1fico de drogas e de animais em extin\u00e7\u00e3o e outros atos il\u00edcitos relacionados ao com\u00e9rcio internacional.<\/p>\n<p>Miss\u00e3o:\u00a0Exercer a administra\u00e7\u00e3o tribut\u00e1ria e aduaneira com justi\u00e7a fiscal e respeito ao cidad\u00e3o, em benef\u00edcio da sociedade.<\/p>\n<p>Valores:\u00a0Respeito ao cidad\u00e3o, integridade, lealdade com a Institui\u00e7\u00e3o, legalidade, profissionalismo e transpar\u00eancia.<\/p>\n<p>Vis\u00e3o:\u00a0Ser uma institui\u00e7\u00e3o inovadora, protagonista na simplifica\u00e7\u00e3o dos sistemas tribut\u00e1rio e aduaneiro, reconhecida pela efetividade na gest\u00e3o tribut\u00e1ria e pela seguran\u00e7a e agilidade no com\u00e9rcio exterior, contribuindo para a qualidade do ambiente de neg\u00f3cios e a competitividade do pa\u00eds.<\/p>\n<h2>Receita Federal Macei\u00f3 Agendamento<\/h2>\n<p>Para que voc\u00ea n\u00e3o precise se deslocar at\u00e9 uma unidade de atendimento, a Receita Federal oferece dezenas de servi\u00e7os via internet.\u00a0Acesse o site para conhece-los.<\/p>\n<p>N\u00e3o ser\u00e3o executados servi\u00e7os diferentes daqueles inclu\u00eddos na senha agendada. Caso esteja em d\u00favida sobre o servi\u00e7o, clique para ver sua descri\u00e7\u00e3o. Alguns deles s\u00f3 ser\u00e3o atendidos em unidades localizadas na jurisdi\u00e7\u00e3o do domic\u00edlio fiscal do contribuinte. Os servi\u00e7os da Procuradoria da Fazenda Nacional est\u00e3o relacionados no grupo da D\u00edvida Ativa da Uni\u00e3o.<\/p>\n<p>N\u00e3o ser\u00e3o aceitos como documentos de identidade: certid\u00f5es de nascimento ou casamento, CPF, t\u00edtulos eleitorais, carteiras de motorista (modelo sem foto), carteiras de estudante, carteiras funcionais sem valor de identidade, documentos ileg\u00edveis, n\u00e3o identific\u00e1veis e\/ou danificados.<\/p>\n<h3>Receita Federal Macei\u00f3 Passaporte<\/h3>\n<p>O <em>passaporte<\/em> \u00e9 um documento de identifica\u00e7\u00e3o solicitado exclusivamente por seu portador, que dever\u00e1 estar presente tanto na solicita\u00e7\u00e3o quanto na entrega do passaporte pronto.<\/p>\n<p>\u00c9 emitido pela Pol\u00edcia Federal, em territ\u00f3rio nacional, sendo impresso pela Casa da Moeda do Brasil. Possui diversos itens de seguran\u00e7a.<\/p>\n<p>Fora do pa\u00eds, o <em>passaporte<\/em> \u00e9 emitido pelo Minist\u00e9rio das Rela\u00e7\u00f5es Exteriores.<\/p>\n<h3>Receita Federal Macei\u00f3 CPF<\/h3>\n<p>Veja os locais para emitir seu <span style=\"text-decoration: underline;\">CPF<\/span>:<\/p>\n<ul>\n<li>Entidades conveniadas: Banco do Brasil, Caixa Econ\u00f4mica Federal ou Correios<\/li>\n<li>Entidades p\u00fablicas conveniadas<\/li>\n<li>Internet (para os que possuem T\u00edtulo de eleitor)<\/li>\n<li>Representa\u00e7\u00f5es diplom\u00e1ticas brasileiras no exterior<\/li>\n<li>MRE<\/li>\n<li>Diretamente na Receita Federal do Brasil<\/li>\n<\/ul>\n<h3>Hor\u00e1rio de Funcionamento Receita Federal Macei\u00f3<\/h3>\n<ul>\n<li>Segunda a sexta das 7h \u00e1s 19h<\/li>\n<\/ul>\n<h3>Onde Fica, Endere\u00e7o e Telefone Receita Federal Macei\u00f3<\/h3>\n<ul>\n<li>R. S\u00e1 e Albuquerque, 541 &#8211; Jaragu\u00e1 &#8211; Macei\u00f3 &#8211; AL<\/li>\n<li>Telefone: (82) 3036-9100<\/li>\n<\/ul>\n<h4>Outras informa\u00e7\u00f5es e site<\/h4>\n<ul>\n<li>Mais informa\u00e7\u00f5es: <a href=\"http:\/\/receita.economia.gov.br\/\" target=\"_blank\" rel=\"noopener noreferrer\">www.receita.economia.gov.br<\/a><\/li>\n<\/ul>\n<h4>Mapa de localiza\u00e7\u00e3o<\/h4>\n<a class=\"wp-colorbox-iframe\" href=\"https:\/\/www.google.com\/maps\/embed?pb=!1m14!1m8!1m3!1d15732.444968856493!2d-35.7244075!3d-9.6715356!3m2!1i1024!2i768!4f13.1!3m3!1m2!1s0x00x9ef729533ee076da!2sDelegacia+da+Receita+Federal!5e0!3m2!1spt-BR!2sbr!4v1552582654136\"><img decoding=\"async\" src=\"https:\/\/www.encontramaceio.com.br\/imgs\/maps-post.png\"><\/a>\n\n<div style=\"font-size: 0px; height: 0px; line-height: 0px; margin: 0; padding: 0; clear: both;\"><\/div>","protected":false},"excerpt":{"rendered":"<p>A Secretaria da Receita Federal do Brasil \u00e9 um \u00f3rg\u00e3o espec\u00edfico, singular, subordinado ao Minist\u00e9rio da Fazenda, exercendo fun\u00e7\u00f5es essenciais para que o Estado possa cumprir seus objetivos. \u00c9 respons\u00e1vel pela administra\u00e7\u00e3o dos tributos de compet\u00eancia da Uni\u00e3o, inclusive os previdenci\u00e1rios, e aqueles incidentes sobre o com\u00e9rcio exterior, abrangendo parte significativa das contribui\u00e7\u00f5es sociais do Pa\u00eds. Tamb\u00e9m subsidia o Poder Executivo Federal na formula\u00e7\u00e3o da pol\u00edtica tribut\u00e1ria brasileira, previne e combate a sonega\u00e7\u00e3o fiscal, o contrabando, o descaminho, a pirataria, a fraude comercial, o tr\u00e1fico de drogas e de animais em extin\u00e7\u00e3o e outros atos il\u00edcitos relacionados ao com\u00e9rcio internacional. <\/p>\n","protected":false},"author":1,"featured_media":0,"parent":0,"menu_order":0,"comment_status":"closed","ping_status":"closed","template":"","meta":{"footnotes":""},"class_list":["post-2265","page","type-page","status-publish","hentry"],"aioseo_notices":[],"_links":{"self":[{"href":"https:\/\/www.encontramaceio.com.br\/sobre\/wp-json\/wp\/v2\/pages\/2265","targetHints":{"allow":["GET"]}}],"collection":[{"href":"https:\/\/www.encontramaceio.com.br\/sobre\/wp-json\/wp\/v2\/pages"}],"about":[{"href":"https:\/\/www.encontramaceio.com.br\/sobre\/wp-json\/wp\/v2\/types\/page"}],"author":[{"embeddable":true,"href":"https:\/\/www.encontramaceio.com.br\/sobre\/wp-json\/wp\/v2\/users\/1"}],"replies":[{"embeddable":true,"href":"https:\/\/www.encontramaceio.com.br\/sobre\/wp-json\/wp\/v2\/comments?post=2265"}],"version-history":[{"count":5,"href":"https:\/\/www.encontramaceio.com.br\/sobre\/wp-json\/wp\/v2\/pages\/2265\/revisions"}],"predecessor-version":[{"id":2282,"href":"https:\/\/www.encontramaceio.com.br\/sobre\/wp-json\/wp\/v2\/pages\/2265\/revisions\/2282"}],"wp:attachment":[{"href":"https:\/\/www.encontramaceio.com.br\/sobre\/wp-json\/wp\/v2\/media?parent=2265"}],"curies":[{"name":"wp","href":"https:\/\/api.w.org\/{rel}","templated":true}]}}