{"id":2104,"date":"2019-02-22T14:59:12","date_gmt":"2019-02-22T17:59:12","guid":{"rendered":"https:\/\/www.encontramaceio.com.br\/sobre\/?page_id=2104"},"modified":"2019-02-22T17:52:17","modified_gmt":"2019-02-22T20:52:17","slug":"semed-maceio","status":"publish","type":"page","link":"https:\/\/www.encontramaceio.com.br\/sobre\/semed-maceio\/","title":{"rendered":"SEMED Macei\u00f3"},"content":{"rendered":"<div class=\"dcb782f0616bca5484400fea6b37e93d\" data-index=\"1\" style=\"float: none; margin:0px;\">\n<script async src=\"https:\/\/pagead2.googlesyndication.com\/pagead\/js\/adsbygoogle.js?client=ca-pub-8585364105181520\"\r\n     crossorigin=\"anonymous\"><\/script>\r\n<!-- Anuncio display - global -->\r\n<ins class=\"adsbygoogle\"\r\n     style=\"display:block\"\r\n     data-ad-client=\"ca-pub-8585364105181520\"\r\n     data-ad-slot=\"8789329856\"\r\n     data-ad-format=\"auto\"\r\n     data-full-width-responsive=\"true\"><\/ins>\r\n<script>\r\n     (adsbygoogle = window.adsbygoogle || []).push({});\r\n<\/script>\n<\/div>\n<p>A Secretaria Municipal de Educa\u00e7\u00e3o <strong>(SEMED Macei\u00f3<\/strong>) \u00e9 um \u00f3rg\u00e3o da Prefeitura Municipal de Macei\u00f3 que tem por finalidade formular e garantir a pol\u00edtica municipal de educa\u00e7\u00e3o.<\/p>\n<p>\u00c0 Semed, cabe:<\/p>\n<p><img loading=\"lazy\" decoding=\"async\" class=\"aligncenter wp-image-2106 size-full\" title=\"SEMED Macei\u00f3\" src=\"https:\/\/www.encontramaceio.com.br\/sobre\/wp-content\/uploads\/2019\/02\/semed-maceio.jpg\" alt=\"SEMED Macei\u00f3\" width=\"680\" height=\"189\" srcset=\"https:\/\/www.encontramaceio.com.br\/sobre\/wp-content\/uploads\/2019\/02\/semed-maceio.jpg 680w, https:\/\/www.encontramaceio.com.br\/sobre\/wp-content\/uploads\/2019\/02\/semed-maceio-300x83.jpg 300w\" sizes=\"auto, (max-width: 680px) 100vw, 680px\" \/><\/p>\n<ul>\n<li>Formular, executar, controlar e garantir a Pol\u00edtica Municipal de Educa\u00e7\u00e3o;<\/li>\n<li>Prover e garantir a universaliza\u00e7\u00e3o do acesso \u00e0 educa\u00e7\u00e3o infantil e ao ensino fundamental;<\/li>\n<li>Oferecer ensino obrigat\u00f3rio e gratuito para crian\u00e7as, jovens, adultos e pessoas portadoras de necessidades especiais;<\/li>\n<li>Efetuar o gerenciamento escolar e a pesquisa educacional;<\/li>\n<li>Zelar pela qualidade do ensino p\u00fablico em n\u00edvel municipal.<\/li>\n<\/ul>\n<h2>SEMED Macei\u00f3 Concurso<\/h2>\n<p>Para informa\u00e7\u00f5es sobre <em>concursos<\/em> em aberto, vagas dispon\u00edveis, remunera\u00e7\u00f5es e datas de prova acesse o site.<\/p>\n<h3>SEMED Macei\u00f3 Contracheque<\/h3>\n<p>Se voc\u00ea \u00e9 um Servidor Municipal (ativo, inativo, aposentado ou pensionista) tem direito a consultar o <span style=\"text-decoration: underline;\">Contra Cheque<\/span> da Prefeitura de Macei\u00f3 sempre que achar necess\u00e1rio.<\/p>\n<p>Para realizar o acesso voc\u00ea deve ter em m\u00e3os ou o n\u00famero da sua matr\u00edcula ou o n\u00famero do seu CPF.<br \/>\nVoc\u00ea ter\u00e1 acesso online \u00e0s informa\u00e7\u00f5es funcionais, como:<\/p>\n<ul>\n<li>Comprovante de rendimentos pagos;<\/li>\n<li>Holerites;<\/li>\n<li>Comprovante de imposto sobre renda retido na fonte.<\/li>\n<\/ul>\n<h3>SEMED Macei\u00f3 Est\u00e1gio<\/h3>\n<p>A Secretaria Municipal de Educa\u00e7\u00e3o (Semed) conta com uma empresa especializada para recrutar estudantes que buscam oportunidades de est\u00e1gio na Rede Municipal de Ensino: o Centro Integrado Empresa Escola (CIEE).<\/p>\n<p>Para a secret\u00e1ria, o <em>est\u00e1gio<\/em> \u00e9 uma das fases mais importantes da vida estudantil, permitindo a oportunidade de aprender praticando.<\/p>\n<p>Com o novo contrato, o estagi\u00e1rio receber\u00e1 uma bolsa no valor de R$ 572 mais vale-transporte. Na reuni\u00e3o, ficou acordado que ser\u00e1 feito um levantamento do tempo de contrato de todos os estagi\u00e1rios da Semed. Os estagi\u00e1rios da casa que ainda n\u00e3o conclu\u00edram o per\u00edodo ser\u00e3o consultados quanto a perman\u00eancia. J\u00e1 os novos contratado passar\u00e3o pelos crit\u00e9rio de sele\u00e7\u00e3o da empresa.<\/p>\n<h3>Hor\u00e1rio de Funcionamento SEMED Macei\u00f3<\/h3>\n<ul>\n<li>Segunda a sexta das 8h \u00e0s 17h<\/li>\n<\/ul>\n<h3>Onde Fica, Endere\u00e7o e Telefone SEMED Macei\u00f3<\/h3>\n<ul>\n<li>R. Gen. Hermes, 1199 &#8211; Cambona, Macei\u00f3 &#8211; AL<\/li>\n<li>Telefone: (82) 3315-4553<\/li>\n<\/ul>\n<h4>Outras informa\u00e7\u00f5es e site<\/h4>\n<ul>\n<li>Mais informa\u00e7\u00f5es: <a href=\"http:\/\/www.maceio.al.gov.br\/semed\" target=\"_blank\" rel=\"noopener noreferrer\">www.maceio.al.gov.br\/semed<\/a><\/li>\n<\/ul>\n<h4>Mapa de localiza\u00e7\u00e3o<\/h4>\n<a class=\"wp-colorbox-iframe\" href=\"https:\/\/www.google.com\/maps\/embed?pb=!1m18!1m12!1m3!1d15677788.752446767!2d-50.792854575359854!3d-16.395082230750333!2m3!1f0!2f0!3f0!3m2!1i1024!2i768!4f13.1!3m3!1m2!1s0x7014f62fb3b4f290x2d81ed3a2215d00d!2sSecretaria+Municipal+De+Educao!5e0!3m2!1spt-BR!2sbr!4v1550669069345\"><img decoding=\"async\" src=\"http:\/\/www.encontramaceio.com.br\/imgs\/maps-post.png\"><\/a>\n\n<div style=\"font-size: 0px; height: 0px; line-height: 0px; margin: 0; padding: 0; clear: both;\"><\/div>","protected":false},"excerpt":{"rendered":"<p>A Secretaria Municipal de Educa\u00e7\u00e3o (SEMED Macei\u00f3) \u00e9 um \u00f3rg\u00e3o da Prefeitura Municipal de Macei\u00f3 que tem por finalidade formular e garantir a pol\u00edtica municipal de educa\u00e7\u00e3o. \u00c0 Semed, cabe: Formular, executar, controlar e garantir a Pol\u00edtica Municipal de Educa\u00e7\u00e3o; Prover e garantir a universaliza\u00e7\u00e3o do acesso \u00e0 educa\u00e7\u00e3o infantil e ao ensino fundamental; Oferecer ensino obrigat\u00f3rio e gratuito para crian\u00e7as, jovens, adultos e pessoas portadoras de necessidades especiais; Efetuar o gerenciamento escolar e a pesquisa educacional; Zelar pela qualidade do ensino p\u00fablico em n\u00edvel municipal. SEMED Macei\u00f3 Concurso Para informa\u00e7\u00f5es sobre concursos em aberto, vagas dispon\u00edveis, remunera\u00e7\u00f5es e datas <\/p>\n","protected":false},"author":1,"featured_media":0,"parent":0,"menu_order":0,"comment_status":"closed","ping_status":"closed","template":"","meta":{"footnotes":""},"class_list":["post-2104","page","type-page","status-publish","hentry"],"aioseo_notices":[],"_links":{"self":[{"href":"https:\/\/www.encontramaceio.com.br\/sobre\/wp-json\/wp\/v2\/pages\/2104","targetHints":{"allow":["GET"]}}],"collection":[{"href":"https:\/\/www.encontramaceio.com.br\/sobre\/wp-json\/wp\/v2\/pages"}],"about":[{"href":"https:\/\/www.encontramaceio.com.br\/sobre\/wp-json\/wp\/v2\/types\/page"}],"author":[{"embeddable":true,"href":"https:\/\/www.encontramaceio.com.br\/sobre\/wp-json\/wp\/v2\/users\/1"}],"replies":[{"embeddable":true,"href":"https:\/\/www.encontramaceio.com.br\/sobre\/wp-json\/wp\/v2\/comments?post=2104"}],"version-history":[{"count":2,"href":"https:\/\/www.encontramaceio.com.br\/sobre\/wp-json\/wp\/v2\/pages\/2104\/revisions"}],"predecessor-version":[{"id":2124,"href":"https:\/\/www.encontramaceio.com.br\/sobre\/wp-json\/wp\/v2\/pages\/2104\/revisions\/2124"}],"wp:attachment":[{"href":"https:\/\/www.encontramaceio.com.br\/sobre\/wp-json\/wp\/v2\/media?parent=2104"}],"curies":[{"name":"wp","href":"https:\/\/api.w.org\/{rel}","templated":true}]}}