{"id":2030,"date":"2019-02-15T16:04:17","date_gmt":"2019-02-15T18:04:17","guid":{"rendered":"https:\/\/www.encontramaceio.com.br\/sobre\/?page_id=2030"},"modified":"2019-03-06T13:09:51","modified_gmt":"2019-03-06T16:09:51","slug":"inss-maceio","status":"publish","type":"page","link":"https:\/\/www.encontramaceio.com.br\/sobre\/inss-maceio\/","title":{"rendered":"INSS Macei\u00f3"},"content":{"rendered":"<div class=\"dcb782f0616bca5484400fea6b37e93d\" data-index=\"1\" style=\"float: none; margin:0px;\">\n<script async src=\"https:\/\/pagead2.googlesyndication.com\/pagead\/js\/adsbygoogle.js?client=ca-pub-8585364105181520\"\r\n     crossorigin=\"anonymous\"><\/script>\r\n<!-- Anuncio display - global -->\r\n<ins class=\"adsbygoogle\"\r\n     style=\"display:block\"\r\n     data-ad-client=\"ca-pub-8585364105181520\"\r\n     data-ad-slot=\"8789329856\"\r\n     data-ad-format=\"auto\"\r\n     data-full-width-responsive=\"true\"><\/ins>\r\n<script>\r\n     (adsbygoogle = window.adsbygoogle || []).push({});\r\n<\/script>\n<\/div>\n<p>Instituto Nacional do Seguro Social (<strong>INSS Macei\u00f3<\/strong>) \u00e9 uma autarquia do Governo do Brasil vinculada ao Minist\u00e9rio do Desenvolvimento Social que recebe as contribui\u00e7\u00f5es para a manuten\u00e7\u00e3o do Regime Geral da previd\u00eancia social, respons\u00e1vel pelo pagamento da aposentadoria, pens\u00e3o por morte, aux\u00edlio-doen\u00e7a, aux\u00edlio-acidente e outros benef\u00edcios para aqueles que adquirirem o direito a estes benef\u00edcios segundo o previsto pela lei.<\/p>\n<p>O INSS trabalha junto \u00e0 Dataprev, empresa de tecnologia que faz o processamento de todos os dados da Previd\u00eancia.<\/p>\n<p><img loading=\"lazy\" decoding=\"async\" class=\"aligncenter wp-image-2032 size-full\" title=\"INSS Macei\u00f3\" src=\"https:\/\/www.encontramaceio.com.br\/sobre\/wp-content\/uploads\/2019\/02\/inss-maceio.jpg\" alt=\"INSS Macei\u00f3\" width=\"680\" height=\"189\" srcset=\"https:\/\/www.encontramaceio.com.br\/sobre\/wp-content\/uploads\/2019\/02\/inss-maceio.jpg 680w, https:\/\/www.encontramaceio.com.br\/sobre\/wp-content\/uploads\/2019\/02\/inss-maceio-300x83.jpg 300w\" sizes=\"auto, (max-width: 680px) 100vw, 680px\" \/><\/p>\n<p>Al\u00e9m do regime geral, os estados e munic\u00edpios podem instituir os seus regimes pr\u00f3prios financiados por contribui\u00e7\u00f5es espec\u00edficas.<\/p>\n<p>O INSS foi criado com base no Decreto n\u00ba 99.350 de 27 de junho de 1990 mediante a fus\u00e3o do Instituto de Administra\u00e7\u00e3o Financeira da Previd\u00eancia e Assist\u00eancia Social (IAPAS), com o Instituto Nacional de Previd\u00eancia Social (INPS).<\/p>\n<p>Compete ao INSS a operacionaliza\u00e7\u00e3o do reconhecimento dos direitos da clientela do Regime Geral de Previd\u00eancia Social (RGPS), que atualmente abrange mais de 40 milh\u00f5es de contribuintes. O Instituto possui em seu quadro administrativo quase 40.000 servidores ativos, lotados em todas as regi\u00f5es do Pa\u00eds, que atendem presencialmente mais de quatro milh\u00f5es de pessoas todos os meses. Conta com uma rede altamente capilarizada, de cerca de 1.200 unidades de atendimento, as chamadas Ag\u00eancias da Previd\u00eancia Social (APS), presentes em todos os estados da Federa\u00e7\u00e3o.<\/p>\n<p>Trata-se de um mecanismo democr\u00e1tico, que ajuda a minimizar as desigualdades sociais. A renda transferida pela Previd\u00eancia \u00e9 utilizada para assegurar o sustento do trabalhador e de sua fam\u00edlia quando ele perde a capacidade de trabalho por motivo de doen\u00e7a, acidente, gravidez, pris\u00e3o, morte ou idade avan\u00e7ada.<\/p>\n<p>No entanto, apesar dos alegados benef\u00edcios sociais especialistas apontam que a institui\u00e7\u00e3o da Previd\u00eancia Social \u00e9 deficit\u00e1ria. Em anos recentes o governo federal chegou a estabelecer medidas de ajuste para redu\u00e7\u00e3o de custos, conforme Lei 13.135 de 17 de junho de 2015, sancionada com veto parcial pela ent\u00e3o presidente Dilma Rousseff.<\/p>\n<h2>INSS Macei\u00f3 Aposentadoria<\/h2>\n<p><em>Aposentadoria<\/em> por tempo de contribui\u00e7\u00e3o<\/p>\n<p>Benef\u00edcio devido ao trabalhador que comprovar 35 anos de contribui\u00e7\u00e3o, se homem, ou 30 anos de contribui\u00e7\u00e3o, se mulher.<br \/>\nA aposentadoria por tempo de contribui\u00e7\u00e3o \u00e9 um benef\u00edcio devido ao cidad\u00e3o que comprovar o tempo total de 35 anos de contribui\u00e7\u00e3o, se homem, ou 30 anos de contribui\u00e7\u00e3o, se mulher.<\/p>\n<p>SOLICITAR<\/p>\n<p>Principais requisitos<br \/>\nRegra 85\/95 progressiva<\/p>\n<ul>\n<li>N\u00e3o h\u00e1 idade m\u00ednima<\/li>\n<li>Exig\u00eancia para concess\u00e3o integral: 35 anos para homem e 30 anos para mulher<\/li>\n<li>Soma da idade + tempo de contribui\u00e7\u00e3o: 85 pontos (mulher) e 95 pontos (homem)<\/li>\n<li>180 meses efetivamente trabalhados, para efeito de car\u00eancia<\/li>\n<\/ul>\n<p>Regra com 30\/35 anos de contribui\u00e7\u00e3o<\/p>\n<ul>\n<li>N\u00e3o h\u00e1 idade m\u00ednima<\/li>\n<li>Tempo total de contribui\u00e7\u00e3o: 35 anos de contribui\u00e7\u00e3o (homem) e 30 anos de contribui\u00e7\u00e3o (mulher)<\/li>\n<li>180 meses efetivamente trabalhados, para efeito de car\u00eancia<\/li>\n<\/ul>\n<p>Regra para proporcional<\/p>\n<ul>\n<li>Idade m\u00ednima de 48 anos (mulher) e 53 anos (homem)<\/li>\n<li>Tempo total de contribui\u00e7\u00e3o: 25 anos de contribui\u00e7\u00e3o + adicional (mulher) e 30 anos de contribui\u00e7\u00e3o + adicional (homem)<\/li>\n<li>180 meses efetivamente trabalhados, para efeito de car\u00eancia<\/li>\n<\/ul>\n<p>Documentos originais necess\u00e1rios<\/p>\n<ul>\n<li>Documento de identifica\u00e7\u00e3o v\u00e1lido e oficial com foto;<\/li>\n<li>N\u00famero do CPF;<\/li>\n<li>Carteiras de trabalho, carn\u00eas de contribui\u00e7\u00e3o e outros documentos que comprovem pagamento ao INSS;<br \/>\nSe precisar, veja outros documentos para comprova\u00e7\u00e3o que podem ser apresentados.<\/li>\n<li>Per\u00edodo de car\u00eancia: para ter direito a este benef\u00edcio, \u00e9 necess\u00e1rio que o cidad\u00e3o tenha efetivamente trabalhado por no m\u00ednimo 180 meses. Per\u00edodos de aux\u00edlio-doen\u00e7a, por exemplo, n\u00e3o s\u00e3o considerados para atender a este requisito (car\u00eancia);<\/li>\n<li>Tempo exigido para proporcional: o adicional de tempo citado na regra transit\u00f3ria corresponde a 40% do tempo que faltava para o cidad\u00e3o atingir o tempo m\u00ednimo da proporcional que era exigido em 16\/12\/1998 (30 anos para homem e 25 para mulher). Exemplo: um homem que tinha 20 anos de contribui\u00e7\u00e3o nessa data, precisava de 10 para aposentar-se pela proporcional. Logo, para aposentar-se pela proporcional hoje, dever\u00e1 comprovar 34 anos (30 anos + 40% de 10 anos);<\/li>\n<li>Valor da aposentadoria proporcional: a aposentadoria proporcional tem valor reduzido, que vai de 70 a 90% do sal\u00e1rio de benef\u00edcio. Confira as regras de c\u00e1lculo;<\/li>\n<li>Adicional de 25% para benefici\u00e1rio que precisa de assist\u00eancia permanente de terceiros: somente o aposentado por invalidez possui este direito;<\/li>\n<li>Fim da aposentadoria proporcional: a aposentadoria proporcional foi extinta em 16\/12\/1998. S\u00f3 tem direito a esta modalidade quem j\u00e1 contribu\u00eda at\u00e9 esta data;<\/li>\n<li>Requerimento por terceiros: caso n\u00e3o possa comparecer ao INSS, voc\u00ea tem a op\u00e7\u00e3o de nomear um procurador para fazer o requerimento em seu lugar.<\/li>\n<\/ul>\n<h3>INSS Macei\u00f3 Agendamento<\/h3>\n<p>O <span style=\"text-decoration: underline;\">agendamento<\/span> tem por finalidade viabilizar um atendimento mais c\u00f4modo e resolutivo para voc\u00ea, al\u00e9m de permitir \u00e0s ag\u00eancias do INSS se planejarem para o atendimento de acordo com a for\u00e7a de trabalho de cada unidade. O agendamento \u00e9 um protocolo v\u00e1lido e garante todos os seus direitos. Depois de agendar, lembre-se de conferir, na p\u00e1gina do pr\u00f3prio servi\u00e7o, a documenta\u00e7\u00e3o que voc\u00ea deve levar no dia do seu atendimento.<\/p>\n<p>Aten\u00e7\u00e3o: Se voc\u00ea \u00e9 trabalhador urbano, dever\u00e1 fazer seu requerimento do Sal\u00e1rio-Maternidade ou Aposentadoria por Idade no novo modelo de atendimento, ou seja, diretamente pelo telefone 135 ou por meio de login e senha no Meu INSS, sem necessidade de agendamento e de ir ao INSS para levar documentos e formalizar o pedido. Nesses casos, o segurado s\u00f3 vai a ag\u00eancia se for chamado.<\/p>\n<h3>Hor\u00e1rio de Funcionamento INSS Macei\u00f3<\/h3>\n<ul>\n<li>Segunda a sexta das 8h as 18h<\/li>\n<\/ul>\n<h3>Onde Fica, Endere\u00e7o e Telefone INSS Macei\u00f3<\/h3>\n<ul>\n<li>Av. Alm. \u00c1lvaro Calheiros, 1187 &#8211; Jati\u00faca, Macei\u00f3 &#8211; AL<\/li>\n<li>Telefone: (82) 3216-4116<\/li>\n<\/ul>\n<h4>Outras informa\u00e7\u00f5es e site<\/h4>\n<ul>\n<li>Mais informa\u00e7\u00f5es: <a href=\"http:\/\/www.consultainss.com\/inss-maceio-jatiuca-al-agencia-da-previdencia-social\/\" target=\"_blank\" rel=\"noopener noreferrer\">www.consultainss.com\/inss-maceio-jatiuca-al-agencia-da-previdencia-social<\/a><\/li>\n<\/ul>\n<h4>Mapa de localiza\u00e7\u00e3o<\/h4>\n<a class=\"wp-colorbox-iframe\" href=\"https:\/\/www.google.com\/maps\/embed?pb=!1m14!1m8!1m3!1d15733.6700327658!2d-35.7104345!3d-9.645321!3m2!1i1024!2i768!4f13.1!3m3!1m2!1s0x00xaa394627b4e2ef7d!2sAgncia+da+Previdncia+Social!5e0!3m2!1spt-BR!2sbr!4v1551888537486\"><img decoding=\"async\" src=\"https:\/\/www.encontramaceio.com.br\/imgs\/maps-post.png\"><\/a>\n\n<div style=\"font-size: 0px; height: 0px; line-height: 0px; margin: 0; padding: 0; clear: both;\"><\/div>","protected":false},"excerpt":{"rendered":"<p>Instituto Nacional do Seguro Social (INSS Macei\u00f3) \u00e9 uma autarquia do Governo do Brasil vinculada ao Minist\u00e9rio do Desenvolvimento Social que recebe as contribui\u00e7\u00f5es para a manuten\u00e7\u00e3o do Regime Geral da previd\u00eancia social, respons\u00e1vel pelo pagamento da aposentadoria, pens\u00e3o por morte, aux\u00edlio-doen\u00e7a, aux\u00edlio-acidente e outros benef\u00edcios para aqueles que adquirirem o direito a estes benef\u00edcios segundo o previsto pela lei. O INSS trabalha junto \u00e0 Dataprev, empresa de tecnologia que faz o processamento de todos os dados da Previd\u00eancia. Al\u00e9m do regime geral, os estados e munic\u00edpios podem instituir os seus regimes pr\u00f3prios financiados por contribui\u00e7\u00f5es espec\u00edficas. O INSS foi <\/p>\n","protected":false},"author":1,"featured_media":0,"parent":0,"menu_order":0,"comment_status":"closed","ping_status":"closed","template":"","meta":{"footnotes":""},"class_list":["post-2030","page","type-page","status-publish","hentry"],"aioseo_notices":[],"_links":{"self":[{"href":"https:\/\/www.encontramaceio.com.br\/sobre\/wp-json\/wp\/v2\/pages\/2030","targetHints":{"allow":["GET"]}}],"collection":[{"href":"https:\/\/www.encontramaceio.com.br\/sobre\/wp-json\/wp\/v2\/pages"}],"about":[{"href":"https:\/\/www.encontramaceio.com.br\/sobre\/wp-json\/wp\/v2\/types\/page"}],"author":[{"embeddable":true,"href":"https:\/\/www.encontramaceio.com.br\/sobre\/wp-json\/wp\/v2\/users\/1"}],"replies":[{"embeddable":true,"href":"https:\/\/www.encontramaceio.com.br\/sobre\/wp-json\/wp\/v2\/comments?post=2030"}],"version-history":[{"count":5,"href":"https:\/\/www.encontramaceio.com.br\/sobre\/wp-json\/wp\/v2\/pages\/2030\/revisions"}],"predecessor-version":[{"id":2182,"href":"https:\/\/www.encontramaceio.com.br\/sobre\/wp-json\/wp\/v2\/pages\/2030\/revisions\/2182"}],"wp:attachment":[{"href":"https:\/\/www.encontramaceio.com.br\/sobre\/wp-json\/wp\/v2\/media?parent=2030"}],"curies":[{"name":"wp","href":"https:\/\/api.w.org\/{rel}","templated":true}]}}