{"id":1949,"date":"2019-02-14T15:34:55","date_gmt":"2019-02-14T17:34:55","guid":{"rendered":"https:\/\/www.encontramaceio.com.br\/sobre\/?page_id=1949"},"modified":"2019-02-14T15:34:55","modified_gmt":"2019-02-14T17:34:55","slug":"correios-maceio","status":"publish","type":"page","link":"https:\/\/www.encontramaceio.com.br\/sobre\/correios-maceio\/","title":{"rendered":"Correios Macei\u00f3"},"content":{"rendered":"<div class=\"dcb782f0616bca5484400fea6b37e93d\" data-index=\"1\" style=\"float: none; margin:0px;\">\n<script async src=\"https:\/\/pagead2.googlesyndication.com\/pagead\/js\/adsbygoogle.js?client=ca-pub-8585364105181520\"\r\n     crossorigin=\"anonymous\"><\/script>\r\n<!-- Anuncio display - global -->\r\n<ins class=\"adsbygoogle\"\r\n     style=\"display:block\"\r\n     data-ad-client=\"ca-pub-8585364105181520\"\r\n     data-ad-slot=\"8789329856\"\r\n     data-ad-format=\"auto\"\r\n     data-full-width-responsive=\"true\"><\/ins>\r\n<script>\r\n     (adsbygoogle = window.adsbygoogle || []).push({});\r\n<\/script>\n<\/div>\n<p>Sua correspond\u00eancia entregue com efici\u00eancia atrav\u00e9s das ag\u00eancias dos <strong>Correios<\/strong> localizadas na cidade de <em>Macei\u00f3<\/em>.<\/p>\n<p>J\u00e1 suas entregas ser\u00e3o feitas de acordo com a data de postagem e servi\u00e7o contratado no ato do envio. Confira abaixo a rela\u00e7\u00e3o de <strong>Ag\u00eancias dos Correios em Macei\u00f3<\/strong> selecionados pelo Encontra Macei\u00f3:<\/p>\n<p><img loading=\"lazy\" decoding=\"async\" class=\"aligncenter wp-image-1951 size-full\" title=\"Correios Macei\u00f3\" src=\"https:\/\/www.encontramaceio.com.br\/sobre\/wp-content\/uploads\/2019\/02\/correios-maceio.jpg\" alt=\"Correios Macei\u00f3\" width=\"680\" height=\"189\" srcset=\"https:\/\/www.encontramaceio.com.br\/sobre\/wp-content\/uploads\/2019\/02\/correios-maceio.jpg 680w, https:\/\/www.encontramaceio.com.br\/sobre\/wp-content\/uploads\/2019\/02\/correios-maceio-300x83.jpg 300w\" sizes=\"auto, (max-width: 680px) 100vw, 680px\" \/><\/p>\n<h2>Onde Fica, Endere\u00e7o e Telefone Correios Macei\u00f3<\/h2>\n<ul>\n<li><b>Unidade Centro: <\/b>Rua do Sol, 57 &#8211; Centro &#8211; Telefone: (82) 3216-7084<\/li>\n<li><b>Unidade Tabuleiro do Martins: <\/b>Av. Durval de G\u00f3es Monteiro, 2217 &#8211; Telefone: (82) 3324-2085<\/li>\n<li><b>Unidade Mangabeiras: <\/b>Av. Comendador Gustavo Paiva, 2128 &#8211; Telefone: (82) 3327-2226<\/li>\n<li><b>Unidade Jati\u00faca: <\/b>Av. Jo\u00e3o Davino, 321 &#8211; Jati\u00faca &#8211; Telefone: (82) 3235-1645<\/li>\n<li><b>Unidade Serraria: <\/b>Av. Pres. Get\u00falio Vargas, 911 &#8211; Serraria &#8211; Telefone: (82) 3025-0786<\/li>\n<li><b>Unidade Jaragu\u00e1 : <\/b>R. S\u00e1 e Albuquerque, 408 &#8211; Jaragu\u00e1 &#8211; Telefone: (82) 3221-4137<\/li>\n<li><b>Unidade Jati\u00faca II: <\/b>Av. Dr. Ant\u00f4nio Gomes de Barros, 1747 &#8211; Telefone: (82) 3231-4205<\/li>\n<li><b>Unidade Centro II: <\/b>Rua Jo\u00e3o Pessoa, 57 &#8211; Centro &#8211; Telefone: (82) 3216-7000<\/li>\n<li><b>Unidade Tabuleiro do Martin II: <\/b>Av Gov. Lu\u00eds Cavalcante, 1776 &#8211; Telefone: (82) 2126-2600<\/li>\n<li><b>Unidade Centro III: <\/b>R. Dr. Pedro Monteiro, 292 &#8211; Centro &#8211; Telefone: (82) 3326-0002<\/li>\n<li><b>Unidade Farol: <\/b>Av. Fernandes Lima, 781 &#8211; Farol &#8211; Telefone: (82) 3241-8499<\/li>\n<li><b>Unidade Paju\u00e7ar: <\/b>R. Jangadeiros Alagoanos, 1162 sala 02 &#8211; Telefone: (82) 3327-0876<\/li>\n<li><b>Unidade Cidade Universit\u00e1ria: <\/b>Av. Lourival Melo Mota, 14 &#8211; Telefone: (82) 3322-3133<\/li>\n<li><b>Unidade Serraria: <\/b>Av. Menino Marcelo, 300 &#8211; Telefone: (82) 3328-9019<\/li>\n<li><b>Unidade Ponta Grossa: <\/b>Av. Comendador Gustavo Paiva, 2990 &#8211; Telefone: (82) 3326-2395<\/li>\n<li><b>Unidade Pinheiro: <\/b>R. Ars\u00eanio Fortes, s\/n &#8211; Telefone: (82) 3326-5993<\/li>\n<li><b>Unidade Po\u00e7o: <\/b>R. Di\u00e9gues J\u00fanior, 332 &#8211; Telefone: (82) 3336-3906<\/li>\n<li><b>Unidade Farol II: <\/b>Praca do Centen\u00e1rio, 838 &#8211; Farol &#8211; Telefone: (82) 3352-9131<\/li>\n<li><b>Unidade Prado: <\/b>R. Agnelo Barbosa, 612 &#8211; Telefone: (82) 3221-1695<\/li>\n<li><b>Unidade Mangabeiras: <\/b>Av. Comendador Gustavo Paiva, 2990 &#8211; Telefone: (82) 3357-1170<\/li>\n<li><b>Unidade Farol III: <\/b>Av. Fernandes Lima, 2457 &#8211; Farol &#8211; Telefone: (82) 3317-4273<\/li>\n<\/ul>\n\n<div style=\"font-size: 0px; height: 0px; line-height: 0px; margin: 0; padding: 0; clear: both;\"><\/div>","protected":false},"excerpt":{"rendered":"<p>Sua correspond\u00eancia entregue com efici\u00eancia atrav\u00e9s das ag\u00eancias dos Correios localizadas na cidade de Macei\u00f3. J\u00e1 suas entregas ser\u00e3o feitas de acordo com a data de postagem e servi\u00e7o contratado no ato do envio. Confira abaixo a rela\u00e7\u00e3o de Ag\u00eancias dos Correios em Macei\u00f3 selecionados pelo Encontra Macei\u00f3: Onde Fica, Endere\u00e7o e Telefone Correios Macei\u00f3 Unidade Centro: Rua do Sol, 57 &#8211; Centro &#8211; Telefone: (82) 3216-7084 Unidade Tabuleiro do Martins: Av. Durval de G\u00f3es Monteiro, 2217 &#8211; Telefone: (82) 3324-2085 Unidade Mangabeiras: Av. Comendador Gustavo Paiva, 2128 &#8211; Telefone: (82) 3327-2226 Unidade Jati\u00faca: Av. Jo\u00e3o Davino, 321 &#8211; Jati\u00faca <\/p>\n","protected":false},"author":1,"featured_media":0,"parent":0,"menu_order":0,"comment_status":"closed","ping_status":"closed","template":"","meta":{"footnotes":""},"class_list":["post-1949","page","type-page","status-publish","hentry"],"aioseo_notices":[],"_links":{"self":[{"href":"https:\/\/www.encontramaceio.com.br\/sobre\/wp-json\/wp\/v2\/pages\/1949","targetHints":{"allow":["GET"]}}],"collection":[{"href":"https:\/\/www.encontramaceio.com.br\/sobre\/wp-json\/wp\/v2\/pages"}],"about":[{"href":"https:\/\/www.encontramaceio.com.br\/sobre\/wp-json\/wp\/v2\/types\/page"}],"author":[{"embeddable":true,"href":"https:\/\/www.encontramaceio.com.br\/sobre\/wp-json\/wp\/v2\/users\/1"}],"replies":[{"embeddable":true,"href":"https:\/\/www.encontramaceio.com.br\/sobre\/wp-json\/wp\/v2\/comments?post=1949"}],"version-history":[{"count":1,"href":"https:\/\/www.encontramaceio.com.br\/sobre\/wp-json\/wp\/v2\/pages\/1949\/revisions"}],"predecessor-version":[{"id":1952,"href":"https:\/\/www.encontramaceio.com.br\/sobre\/wp-json\/wp\/v2\/pages\/1949\/revisions\/1952"}],"wp:attachment":[{"href":"https:\/\/www.encontramaceio.com.br\/sobre\/wp-json\/wp\/v2\/media?parent=1949"}],"curies":[{"name":"wp","href":"https:\/\/api.w.org\/{rel}","templated":true}]}}